ivided by 2355?
39
Calculate the remainder when 59601 is divided by 9931.
15
What is the remainder when 2567 is divided by 59?
30
What is the remainder when 118332 is divided by 1498?
1488
What is the remainder when 1080 is divided by 487?
106
What is the remainder when 758579 is divided by 1189?
1186
What is the remainder when 2775743 is divided by 488?
487
Calculate the remainder when 9056 is divided by 4055.
946
What is the remainder when 108834 is divided by 615?
594
Calculate the remainder when 2484 is divided by 491.
29
What is the remainder when 5823 is divided by 197?
110
Calculate the remainder when 11772 is divided by 11768.
4
Calculate the remainder when 5475 is divided by 304.
3
What is the remainder when 25671 is divided by 44?
19
What is the remainder when 1138077 is divided by 27097?
3
Calculate the remainder when 17852 is divided by 16.
12
Calculate the remainder when 46751 is divided by 172.
139
What is the remainder when 13769 is divided by 179?
165
What is the remainder when 226586 is divided by 69?
59
Calculate the remainder when 1349 is divided by 282.
221
Calculate the remainder when 1141 is divided by 37.
31
What is the remainder when 488733 is divided by 288?
285
Calculate the remainder when 3001552 is divided by 306.
304
What is the remainder when 1821 is divided by 60?
21
What is the remainder when 81674 is divided by 19?
12
What is the remainder when 14301 is divided by 367?
355
What is the remainder when 81923 is divided by 2275?
23
What is the remainder when 1918 is divided by 758?
402
Calculate the remainder when 247468 is divided by 131.
9
Calculate the remainder when 150308 is divided by 24.
20
Calculate the remainder when 6926 is divided by 161.
3
What is the remainder when 32493 is divided by 350?
293
What is the remainder when 6779 is divided by 2243?
50
Calculate the remainder when 42191 is divided by 106.
3
What is the remainder when 2681 is divided by 4?
1
Calculate the remainder when 2248 is divided by 2160.
88
What is the remainder when 19370 is divided by 19370?
0
Calculate the remainder when 24589 is divided by 424.
421
What is the remainder when 4281 is divided by 454?
195
What is the remainder when 24895 is divided by 325?
195
What is the remainder when 12888 is divided by 358?
0
Calculate the remainder when 6910 is divided by 31.
28
Calculate the remainder when 24410 is divided by 275.
210
Calculate the remainder when 2853 is divided by 31.
1
What is the remainder when 22096 is divided by 504?
424
What is the remainder when 3038 is divided by 375?
38
What is the remainder when 3102 is divided by 620?
2
What is the remainder when 105611 is divided by 6?
5
Calculate the remainder when 163600 is divided by 18176.
16
What is the remainder when 37246 is divided by 48?
46
Calculate the remainder when 3167 is divided by 39.
8
Calculate the remainder when 162842 is divided by 83.
79
What is the remainder when 26510 is divided by 148?
18
What is the remainder when 9297 is divided by 1853?
32
What is the remainder when 53553 is divided by 714?
3
Calculate the remainder when 43459 is divided by 230.
219
What is the remainder when 103378 is divided by 17229?
4
Calculate the remainder when 660269 is divided by 464.
461
Calculate the remainder when 9662 is divided by 82.
68
What is the remainder when 8689 is divided by 150?
139
Calculate the remainder when 1559 is divided by 498.
65
Calculate the remainder when 4582 is divided by 135.
127
What is the remainder when 117477 is divided by 150?
27
Calculate the remainder when 3389 is divided by 1460.
469
Calculate the remainder when 718 is divided by 138.
28
Calculate the remainder when 16352 is divided by 246.
116
What is the remainder when 74413 is divided by 14881?
8
What is the remainder when 346329 is divided by 13?
9
Calculate the remainder when 83270 is divided by 6.
2
Calculate the remainder when 26905 is divided by 84.
25
Calculate the remainder when 1042 is divided by 278.
208
What is the remainder when 32164 is divided by 3573?
7
Calculate the remainder when 10409 is divided by 336.
329
What is the remainder when 464264 is divided by 29?
3
Calculate the remainder when 41806 is divided by 2095.
2001
Calculate the remainder when 8196 is divided by 809.
106
What is the remainder when 701328 is divided by 47?
41
What is the remainder when 5572 is divided by 641?
444
Calculate the remainder when 16791 is divided by 8372.
47
Calculate the remainder when 1581 is divided by 424.
309
What is the remainder when 2126629 is divided by 239?
7
Calculate the remainder when 37381 is divided by 12445.
46
Calculate the remainder when 14337 is divided by 92.
77
What is the remainder when 24710 is divided by 2409?
620
What is the remainder when 28933 is divided by 302?
243
What is the remainder when 23263 is divided by 4651?
8
Calculate the remainder when 74237 is divided by 58.
55
What is the remainder when 35255 is divided by 92?
19
Calculate the remainder when 1048 is divided by 1037.
11
What is the remainder when 23377 is divided by 5791?
213
Calculate the remainder when 35116 is divided by 66.
4
Calculate the remainder when 1738 is divided by 427.
30
Calculate the remainder when 1133086 is divided by 33.
31
Calculate the remainder when 393 is divided by 275.
118
Calculate the remainder when 5522 is divided by 685.
42
What is the remainder when 3845170 is divided by 501?
496
What is the remainder when 14143 is divided by 108?
103
Calculate the remainder when 80506 is divided by 40250.
6
What is the remainder when 19549 is divided by 291?
52
What is the remainder when 1299 is divided by 84?
39
What is the remainder when 7646 is divided by 266?
198
Calculate the remainder when 772284 is divided by 20.
4
Calculate the remainder when 384426 is divided by 9376.
10
What is the remainder when 1178 is divided by 89?
21
What is the remainder when 44611 is divided by 375?
361
Calculate the remainder when 21511 is divided by 4300.
11
Calculate the remainder when 51378 is divided by 23.
19
What is the remainder when 1508 is divided by 9?
5
Calculate the remainder when 24885 is divided by 8051.
732
Calculate the remainder when 866 is divided by 50.
16
What is the remainder when 90386 is divided by 330?
296
Calculate the remainder when 5426 is divided by 5336.
90
Calculate the remainder when 2122 is divided by 555.
457
Calculate the remainder when 4474 is divided by 322.
288
What is the remainder when 16003 is divided by 6?
1
Calculate the remainder when 227677 is divided by 75885.
22
Calculate the remainder when 21358 is divided by 1255.
23
What is the remainder when 273776 is divided by 44?
8
Calculate the remainder when 25116 is divided by 93.
6
Calculate the remainder when 5246 is divided by 101.
95
Calculate the remainder when 2019294 is divided by 251.
250
What is the remainder when 1526 is divided by 192?
182
What is the remainder when 10596 is divided by 147?
12
Calculate the remainder when 8227 is divided by 4.
3
What is the remainder when 78346 is divided by 10?
6
What is the remainder when 14099 is divided by 59?
57
Calculate the remainder when 15818 is divided by 791.
789
What is the remainder when 6154 is divided by 47?
44
Calculate the remainder when 1159915 is divided by 34.
5
Calculate the remainder when 4956 is divided by 29.
26
What is the remainder when 2858611 is divided by 214?
213
Calculate the remainder when 8995 is divided by 2969.
88
Calculate the remainder when 516187 is divided by 258082.
23
What is the remainder when 4414 is divided by 369?
355
What is the remainder when 634684 is divided by 43?
4
What is the remainder when 1576 is divided by 72?
64
What is the remainder when 49661 is divided by 194?
191
What is the remainder when 290 is divided by 27?
20
What is the remainder when 67306 is divided by 110?
96
Calculate the remainder when 539166 is divided by 28.
26
What is the remainder when 81014 is divided by 693?
626
Calculate the remainder when 1125594 is divided by 2564.
2562
What is the remainder when 4789 is divided by 379?
241
Calculate the remainder when 26874 is divided by 55.
34
What is the remainder when 3794 is divided by 528?
98
Calculate the remainder when 109903 is divided by 7846.
59
Calculate the remainder when 50536 is divided by 1263